{"id":43,"date":"2025-11-28T11:42:37","date_gmt":"2025-11-28T11:42:37","guid":{"rendered":"https:\/\/aicompile.com.hr\/aitech\/faculty\/"},"modified":"2026-04-14T08:48:24","modified_gmt":"2026-04-14T08:48:24","slug":"faculty","status":"publish","type":"page","link":"https:\/\/aicompile.com.hr\/aitech\/faculty\/","title":{"rendered":"Project Activities and Work Packages"},"content":{"rendered":"\n<div class=\"section-wrapper\" data-id=\"XLnIYu\"><section class=\"wp-block-gutenverse-section guten-element guten-section guten-XLnIYu layout-boxed align-stretch\"><div class=\"guten-container guten-column-gap-no\">\n<div class=\"wp-block-gutenverse-column guten-element guten-column guten-3nKYuv\"><div class=\"guten-column-wrapper\" data-id=\"3nKYuv\">\n<div class=\"wp-block-gutenverse-image guten-element guten-image guten-2Peb33\"><div class=\"guten-image-wrapper\"><img decoding=\"async\" class=\"gutenverse-image-box-filled\" src=\"https:\/\/aicompile.com.hr\/aitech\/wp-content\/uploads\/2025\/12\/logo-horizontal-2-1.png\" height=\"258\" width=\"800\"\/><\/div><\/div>\n<\/div><\/div>\n\n\n\n<div class=\"wp-block-gutenverse-column guten-element guten-column guten-TVq5qk\"><div class=\"guten-column-wrapper\" data-id=\"TVq5qk\">\n<div class=\"section-wrapper\" data-id=\"iHQcj3\"><section class=\"wp-block-gutenverse-section guten-element guten-section guten-iHQcj3 hide-mobile layout-boxed align-stretch\"><div class=\"guten-container guten-column-gap-no\">\n<div class=\"wp-block-gutenverse-column guten-element guten-column guten-rQrXbu\"><div class=\"guten-column-wrapper\" data-id=\"rQrXbu\">\n<div class=\"guten-element gutenverse-text-editor guten-mJBhoB\"><div class=\"text-content-inner\">\n<p>E : aitech@pmfst.com<\/p>\n<\/div><\/div>\n\n\n\n<div class=\"guten-element guten-button-wrapper guten-p6xKSh\"><a class=\"guten-button guten-button-sm\" href=\"#\"><i class=\"fa-lg fas fa-map-marker-alt\"><\/i><span>Project Information<\/span><\/a><\/div>\n<\/div><\/div>\n<\/div><\/section><\/div>\n\n\n<div id=\"guten-ml9WVs\" class=\"guten-element guten-nav-menu nav-menu break-point-tablet submenu-click-title \" data-item-indicator=\"gtn gtn-down-arrow1-light\" data-item-indicator-type=\"icon\" data-item-indicator-svg=\"\" data-close-on-click=\"1\">\n\t\t\t<div class=\"gutenverse-hamburger-wrapper\">\n\t\t\t\t<button class=\"gutenverse-hamburger-menu\" aria-label=>\n\t\t\t\t<i aria-hidden=\"true\" class=\"gtn gtn-bars-solid\"><\/i>\n\t\t\t\t<\/button>\n\t\t\t<\/div>\n\t\t\t<div class=\"guten-nav-overlay\"><\/div>\n\t\t\t<div class=\"gutenverse-menu-wrapper\"><div class=\"gutenverse-menu-container\"><ul id=\"menu-uneza-1\" class=\"gutenverse-menu\"><li id=\"menu-item-75\" class=\"menu-item-75  menu-item menu-item-type-custom menu-item-object-custom menu-item-home\"><a aria-label=\"Home\" href=\"javascript:void(0);\" data-href=\"https:\/\/aicompile.com.hr\/aitech\/\">Home<\/a><\/li>\n<li id=\"menu-item-78\" class=\"menu-item-78  menu-item menu-item-type-custom menu-item-object-custom\"><a aria-label=\"About AiTECH\" href=\"javascript:void(0);\" data-href=\"https:\/\/aicompile.com.hr\/aitech\/campus\/\">About AiTECH<\/a><\/li>\n<li id=\"menu-item-81\" class=\"menu-item-81  menu-item menu-item-type-custom menu-item-object-custom\"><a aria-label=\"Our Team\" href=\"javascript:void(0);\" data-href=\"https:\/\/aicompile.com.hr\/aitech\/lecturers\/\">Our Team<\/a><\/li>\n<li id=\"menu-item-281\" class=\"menu-item-281  menu-item menu-item-type-post_type menu-item-object-page\"><a aria-label=\"Work Packages\" href=\"javascript:void(0);\" data-href=\"https:\/\/aicompile.com.hr\/aitech\/faculty\/\">Work Packages<\/a><\/li>\n<li id=\"menu-item-83\" class=\"menu-item-83  menu-item menu-item-type-custom menu-item-object-custom\"><a aria-label=\"News\" href=\"javascript:void(0);\" data-href=\"https:\/\/aicompile.com.hr\/aitech\/news\/\">News<\/a><\/li>\n<li id=\"menu-item-84\" class=\"menu-item-84  menu-item menu-item-type-custom menu-item-object-custom\"><a aria-label=\"Contact\" href=\"javascript:void(0);\" data-href=\"https:\/\/aicompile.com.hr\/aitech\/contact\/\">Contact<\/a><\/li>\n<\/ul><\/div>\n\t\t\t\t<div>\n\t\t\t\t\t<div class=\"gutenverse-nav-identity-panel\">\n\t\t\t\t\t\t<div class=\"gutenverse-nav-site-title\">\n\t\t\t\t\t\t\t<a href=\"https:\/\/aicompile.com.hr\/aitech\" class=\"gutenverse-nav-logo\"><img decoding=\"async\" src=\"https:\/\/aicompile.com.hr\/aitech\/wp-content\/uploads\/2026\/03\/AiPMF-logo-vertical-1-1-150x150.png\" alt=\"AiTech - \" width=\"150\" height=\"150\"><\/a>\n\t\t\t\t\t\t<\/div>\n\t\t\t\t\t\t<button class=\"gutenverse-close-menu\" aria-label=><i aria-hidden=\"true\" class=\"gtn gtn-times-solid\"><\/i><\/button>\n\t\t\t\t\t<\/div>\n\t\t\t\t<\/div>\n\t\t\t<\/div>\n\t\t<\/div><\/div><\/div>\n<\/div><\/section><\/div>\n\n\n\n<div class=\"section-wrapper\" data-id=\"MJKvJA\"><section class=\"wp-block-gutenverse-section guten-element guten-section guten-MJKvJA layout-boxed align-stretch\"><div class=\"guten-background-overlay\"><\/div><div class=\"guten-container guten-column-gap-default\">\n<div class=\"wp-block-gutenverse-column guten-element guten-column guten-cVUbIY\"><div class=\"guten-column-wrapper\" data-id=\"cVUbIY\">\n<h1 class=\"wp-block-gutenverse-heading guten-element guten-ew45Su\"><strong>Project Activities and Work Packages<\/strong><\/h1>\n\n\n\n<div class=\"guten-element gutenverse-text-editor guten-ontlRJ\"><div class=\"text-content-inner\">\n<p>The AITECH project is organised through a series of coordinated work packages that cover research, development, pilot implementation and dissemination of artificial intelligence technologies for technical education and industrial competitiveness.<\/p>\n<\/div><\/div>\n<\/div><\/div>\n\n\n\n<div class=\"wp-block-gutenverse-column guten-element guten-column guten-Ymy3Fy hide-tablet hide-mobile\"><div class=\"guten-column-wrapper\" data-id=\"Ymy3Fy\"><\/div><\/div>\n<\/div><\/section><\/div>\n\n\n\n<div class=\"section-wrapper\" data-id=\"6bhgev\"><section class=\"wp-block-gutenverse-section guten-element guten-section guten-6bhgev layout-boxed align-stretch\"><div class=\"guten-background-overlay\"><\/div><div class=\"guten-container guten-column-gap-default\">\n<div class=\"wp-block-gutenverse-column guten-element guten-column guten-ag1E9u\"><div class=\"guten-column-wrapper\" data-id=\"ag1E9u\">\n<h2 class=\"wp-block-gutenverse-heading guten-element guten-kQhYbq\">Project Work Packages<span id=\"guten-wiPrYd\"><span class=\"guten-text-highlight guten-7k8RgT\" id=\"guten-zSqn8e\">.<\/span><\/span><\/h2>\n\n\n\n<div class=\"section-wrapper\" data-id=\"L8kjco\"><section class=\"wp-block-gutenverse-section guten-element guten-section guten-L8kjco slow layout-fullwidth align-stretch\"><div class=\"guten-container guten-column-gap-no\">\n<div class=\"wp-block-gutenverse-column guten-element guten-column guten-9MdbER\"><div class=\"guten-column-wrapper\" data-id=\"9MdbER\">\n<div class=\"guten-element guten-G1XdK6 guten-icon-box icon-position-top\"><div class=\"guten-icon-box-wrapper hover-from-arise\"><a class=\"\" href=\"#\"><div class=\"icon-box icon-box-header\"><div class=\"icon bg-style-color\"><i class=\"gtn gtn-pencil_art-light icon-style-color\"><\/i><\/div><\/div><\/a><div class=\"icon-box icon-box-body\"><a class=\"\" href=\"#\"><h3 class=\"title\">WP1 \u2013 Project Management<\/h3><\/a><a class=\"\" href=\"#\"><p class=\"icon-box-description\">Coordination of the project, monitoring of activities, financial management and reporting to funding bodies.<\/p><\/a>\n<div class=\"guten-element guten-button-wrapper guten-bsOPGy\"><a class=\"guten-button guten-button-sm\" href=\"#\"><span>Learn More <\/span><i class=\"fa-lg fas fa-arrow-circle-right\"><\/i><\/a><\/div>\n<\/div><\/div><\/div>\n\n\n\n<div class=\"guten-element guten-7JyaYf guten-icon-box icon-position-top\"><div class=\"guten-icon-box-wrapper hover-from-arise\"><a class=\"\" href=\"#\"><div class=\"icon-box icon-box-header\"><div class=\"icon bg-style-color\"><i class=\"gtn gtn-medical1-light icon-style-color\"><\/i><\/div><\/div><\/a><div class=\"icon-box icon-box-body\"><a class=\"\" href=\"#\"><h3 class=\"title\">WP2 \u2013 AI Systems Development<\/h3><\/a><a class=\"\" href=\"#\"><p class=\"icon-box-description\">Design and development of artificial intelligence models supporting technical education and research environments.<\/p><\/a>\n<div class=\"guten-element guten-button-wrapper guten-QxxYgM\"><a class=\"guten-button guten-button-sm\" href=\"#\"><span>Learn More <\/span><i class=\"fa-lg fas fa-arrow-circle-right\"><\/i><\/a><\/div>\n<\/div><\/div><\/div>\n\n\n\n<div class=\"guten-element guten-iDTeT4 guten-icon-box icon-position-top\"><div class=\"guten-icon-box-wrapper hover-from-arise\"><a class=\"\" href=\"#\"><div class=\"icon-box icon-box-header\"><div class=\"icon bg-style-color\"><i class=\"gtn gtn-auction-light icon-style-color\"><\/i><\/div><\/div><\/a><div class=\"icon-box icon-box-body\"><a class=\"\" href=\"#\"><h3 class=\"title\">WP3 \u2013 Multimodal Monitoring Systems<\/h3><\/a><a class=\"\" href=\"#\"><p class=\"icon-box-description\">Development of multimodal sensing and monitoring systems for analysing learning environments and human interaction.<\/p><\/a>\n<div class=\"guten-element guten-button-wrapper guten-pCjzZk\"><a class=\"guten-button guten-button-sm\" href=\"#\"><span>Learn More <\/span><i class=\"fa-lg fas fa-arrow-circle-right\"><\/i><\/a><\/div>\n<\/div><\/div><\/div>\n\n\n\n<div class=\"guten-element guten-spacer guten-8kiDlq hide-tablet hide-mobile\"><\/div>\n\n\n\n<div class=\"guten-element guten-GlbcDV guten-icon-box icon-position-top\"><div class=\"guten-icon-box-wrapper hover-from-arise\"><a class=\"\" href=\"#\"><div class=\"icon-box icon-box-header\"><div class=\"icon bg-style-color\"><i class=\"gtn gtn-medicine-1-light icon-style-color\"><\/i><\/div><\/div><\/a><div class=\"icon-box icon-box-body\"><a class=\"\" href=\"#\"><h3 class=\"title\">WP4 \u2013 Adaptive Learning Technologies<\/h3><\/a><a class=\"\" href=\"#\"><p class=\"icon-box-description\">Implementation of AI-driven adaptive learning systems and personalised educational environments.<\/p><\/a>\n<div class=\"guten-element guten-button-wrapper guten-4RhQ8Z\"><a class=\"guten-button guten-button-sm\" href=\"#\"><span>Learn More <\/span><i class=\"fa-lg fas fa-arrow-circle-right\"><\/i><\/a><\/div>\n<\/div><\/div><\/div>\n\n\n\n<div class=\"guten-element guten-T2c3Wl guten-icon-box icon-position-top\"><div class=\"guten-icon-box-wrapper hover-from-arise\"><a class=\"\" href=\"#\"><div class=\"icon-box icon-box-header\"><div class=\"icon bg-style-color\"><i class=\"gtn gtn-cityscape-light icon-style-color\"><\/i><\/div><\/div><\/a><div class=\"icon-box icon-box-body\"><a class=\"\" href=\"#\"><h3 class=\"title\">WP5 \u2013 Technology Acceptance and Evaluation<\/h3><\/a><a class=\"\" href=\"#\"><p class=\"icon-box-description\">Research on adoption, usability and acceptance of AI technologies in educational and industrial environments.<\/p><\/a>\n<div class=\"guten-element guten-button-wrapper guten-PiU80x\"><a class=\"guten-button guten-button-sm\" href=\"#\"><span>Learn More <\/span><i class=\"fa-lg fas fa-arrow-circle-right\"><\/i><\/a><\/div>\n<\/div><\/div><\/div>\n\n\n\n<div class=\"guten-element guten-kqFROy guten-icon-box icon-position-top\"><div class=\"guten-icon-box-wrapper hover-from-arise\"><a class=\"\" href=\"#\"><div class=\"icon-box icon-box-header\"><div class=\"icon bg-style-color\"><i class=\"gtn gtn-engineer-light icon-style-color\"><\/i><\/div><\/div><\/a><div class=\"icon-box icon-box-body\"><a class=\"\" href=\"#\"><h3 class=\"title\">WP6 \u2013 Pilot Implementations<\/h3><\/a><a class=\"\" href=\"#\"><p class=\"icon-box-description\">Testing of developed AI systems in real educational environments and collaboration with industry partners.<\/p><\/a>\n<div class=\"guten-element guten-button-wrapper guten-TZdYUz\"><a class=\"guten-button guten-button-sm\" href=\"#\"><span>Learn More <\/span><i class=\"fa-lg fas fa-arrow-circle-right\"><\/i><\/a><\/div>\n<\/div><\/div><\/div>\n\n\n\n<div class=\"guten-element guten-spacer guten-lcMzz5 hide-tablet hide-mobile\"><\/div>\n\n\n\n<div class=\"guten-element guten-XFk6nd guten-icon-box icon-position-top\"><div class=\"guten-icon-box-wrapper hover-from-arise\"><a class=\"\" href=\"#\"><div class=\"icon-box icon-box-header\"><div class=\"icon bg-style-color\"><i class=\"gtn gtn-code-solid icon-style-color\"><\/i><\/div><\/div><\/a><div class=\"icon-box icon-box-body\"><a class=\"\" href=\"#\"><h3 class=\"title\">WP7 \u2013 Dissemination and Communication<\/h3><\/a><a class=\"\" href=\"#\"><p class=\"icon-box-description\">Scientific publications, workshops, conferences and dissemination of project results.<\/p><\/a>\n<div class=\"guten-element guten-button-wrapper guten-Y8cx9W\"><a class=\"guten-button guten-button-sm\" href=\"#\"><span>Learn More <\/span><i class=\"fa-lg fas fa-arrow-circle-right\"><\/i><\/a><\/div>\n<\/div><\/div><\/div>\n\n\n\n<div class=\"guten-element guten-0h0uQf guten-icon-box icon-position-top\"><div class=\"guten-icon-box-wrapper hover-from-arise\"><a class=\"\" href=\"#\"><div class=\"icon-box icon-box-header\"><div class=\"icon bg-style-color\"><i class=\"gtn gtn-medicine-light icon-style-color\"><\/i><\/div><\/div><\/a><div class=\"icon-box icon-box-body\"><a class=\"\" href=\"#\"><h3 class=\"title\">WP8 \u2013 Open Science and Data<\/h3><\/a><a class=\"\" href=\"#\"><p class=\"icon-box-description\">Preparation of datasets, documentation and open research resources generated within the project.<\/p><\/a>\n<div class=\"guten-element guten-button-wrapper guten-6LKAZV\"><a class=\"guten-button guten-button-sm\" href=\"#\"><span>Learn More <\/span><i class=\"fa-lg fas fa-arrow-circle-right\"><\/i><\/a><\/div>\n<\/div><\/div><\/div>\n\n\n\n<div class=\"guten-element guten-ECYQPn guten-icon-box icon-position-top\"><div class=\"guten-icon-box-wrapper hover-from-arise\"><a class=\"\" href=\"#\"><div class=\"icon-box icon-box-header\"><div class=\"icon bg-style-color\"><i class=\"gtn gtn-finance-book-light icon-style-color\"><\/i><\/div><\/div><\/a><div class=\"icon-box icon-box-body\"><a class=\"\" href=\"#\"><h3 class=\"title\">WP9 \u2013 Sustainability and Future Development<\/h3><\/a><a class=\"\" href=\"#\"><p class=\"icon-box-description\">Integration of results into future research projects and long-term sustainability of developed technologies.<\/p><\/a>\n<div class=\"guten-element guten-button-wrapper guten-1fjeki\"><a class=\"guten-button guten-button-sm\" href=\"#\"><span>Learn More <\/span><i class=\"fa-lg fas fa-arrow-circle-right\"><\/i><\/a><\/div>\n<\/div><\/div><\/div>\n<\/div><\/div>\n<\/div><\/section><\/div>\n<\/div><\/div>\n<\/div><\/section><\/div>\n\n\n\n<div class=\"section-wrapper\" data-id=\"OJSFIV\"><section class=\"wp-block-gutenverse-section guten-element guten-section guten-OJSFIV layout-boxed align-stretch\"><div class=\"guten-background-overlay\"><\/div><div class=\"guten-container guten-column-gap-default\">\n<div class=\"wp-block-gutenverse-column guten-element guten-column guten-qGVccP\"><div class=\"guten-column-wrapper\" data-id=\"qGVccP\">\n<h2 class=\"wp-block-gutenverse-heading guten-element guten-zklJj1\">Artificial Intelligence for Future Technical Education and Industrial Competitiveness<\/h2>\n\n\n\n<div class=\"wp-block-gutenverse-image guten-element guten-image guten-lkdLSM hide-tablet hide-mobile\"><div class=\"guten-image-wrapper\"><img decoding=\"async\" class=\"gutenverse-image-box-filled\" src=\"https:\/\/aicompile.com.hr\/aitech\/wp-content\/uploads\/2026\/02\/IMG-20260204-WA0005.jpg\" height=\"920\" width=\"2048\"\/><\/div><\/div>\n<\/div><\/div>\n\n\n\n<div class=\"wp-block-gutenverse-column guten-element guten-column guten-DoFfzn\"><div class=\"guten-column-wrapper\" data-id=\"DoFfzn\">\n<div class=\"guten-element gutenverse-text-editor guten-TW3TuJ\"><div class=\"text-content-inner\">\n<p><strong>CALL TITLE:<\/strong> Call for Funding of Institutional Research Projects of the University of Split, under the National Recovery and Resilience Plan 2021\u20132026 (NRRP), and the Programme Agreement concluded between the University of Split and the Ministry of Science, Education and Youth.<br><\/p>\n\n\n\n<p><strong>PROJECT TITLE:<\/strong> Artificial Intelligence for Future Technical Education and Industrial Competitiveness<br><strong>FUNDING DECISION:<\/strong> CLASS: 029-03\/25-01\/16, REG.NO.: 2181-202-3-01-6, issued on 20 October 2025.<br><strong>TOTAL PROJECT VALUE:<\/strong> \u20ac222,203.10<br><strong>BENEFICIARY: <\/strong>Faculty of Science, University of Split<br><strong>PROJECT LEADER:<\/strong> Prof. Sa\u0161a Mladenovi\u0107<\/p>\n\n\n\n<p><\/p>\n\n\n\n<p><strong>Funded by the European Union \u2013 NextGenerationEU.<\/strong><\/p>\n\n\n\n<p><strong><br><\/strong>AiTECH explores how artificial intelligence can transform technical education, research processes and industrial innovation.<\/p>\n\n\n\n<p>Through the development of intelligent learning systems, multimodal monitoring technologies and advanced data analysis methods, the project aims to support the next generation of engineers, researchers and innovators.<\/p>\n\n\n\n<p><\/p>\n\n\n\n<p><\/p>\n<\/div><\/div>\n\n\n\n\n\n\n\n\n\n\n\n\n\n<div class=\"guten-element guten-button-wrapper guten-F6LQ2E\"><a class=\"guten-button guten-button-sm\" href=\"#\"><span>Learn More<\/span><i class=\"fa-lg gtn gtn-right-arrow1-light\"><\/i><\/a><\/div>\n<\/div><\/div>\n<\/div><\/section><\/div>\n\n\n\n\n\n<div class=\"section-wrapper\" data-id=\"fpvsoM\"><section class=\"wp-block-gutenverse-section guten-element guten-section guten-fpvsoM layout-boxed align-stretch\"><div class=\"guten-container guten-column-gap-default\">\n<div class=\"wp-block-gutenverse-column guten-element guten-column guten-7v6pPd\"><div class=\"guten-column-wrapper\" data-id=\"7v6pPd\">\n<div class=\"section-wrapper\" data-id=\"KZ2eip\"><section class=\"wp-block-gutenverse-section guten-element guten-section guten-KZ2eip layout-fullwidth align-stretch\"><div class=\"guten-container guten-column-gap-no\">\n<div class=\"wp-block-gutenverse-column guten-element guten-column guten-sqTbP4\"><div class=\"guten-column-wrapper\" data-id=\"sqTbP4\">\n<div class=\"wp-block-gutenverse-image guten-element guten-image guten-4Ej2Jf\"><div class=\"guten-image-wrapper\"><img decoding=\"async\" class=\"gutenverse-image-box-filled\" src=\"https:\/\/aicompile.com.hr\/aitech\/wp-content\/uploads\/2025\/12\/AiPMF-logo-vertical.png\" height=\"801\" width=\"587\"\/><\/div><\/div>\n<\/div><\/div>\n\n\n\n<div class=\"wp-block-gutenverse-column guten-element guten-column guten-lurgJq\"><div class=\"guten-column-wrapper\" data-id=\"lurgJq\">\n<h4 class=\"wp-block-gutenverse-heading guten-element guten-2xUwQw\">Contact Info<\/h4>\n\n\n\n<div class=\"guten-element guten-icon-list guten-jekxTq\"><div class=\" list-wrapper \">\n<div class=\"guten-element guten-icon-list-item guten-9TQZEu\"><div class=\"list-divider\"><\/div><a id=\"guten-9TQZEu\"><i class=\"fas fa-map-marker-alt\"><\/i><span class=\"list-text \">Ru\u0111era Bo\u0161kovi\u0107a 33, Split<br>Croatia<\/span><\/a><\/div>\n\n\n\n<div class=\"guten-element guten-icon-list-item guten-cB9XB4\"><div class=\"list-divider\"><\/div><a id=\"guten-cB9XB4\"><i class=\"fas fa-envelope\"><\/i><span class=\"list-text \">aitech@pmfst.hr<\/span><\/a><\/div>\n<\/div><\/div>\n<\/div><\/div>\n\n\n\n<div class=\"wp-block-gutenverse-column guten-element guten-column guten-Sv8bj5\"><div class=\"guten-column-wrapper\" data-id=\"Sv8bj5\">\n<h4 class=\"wp-block-gutenverse-heading guten-element guten-cLv7Ct\">Social Media<\/h4>\n\n\n\n<div class=\"guten-element guten-social-icons guten-0SCSyh circle horizontal fill\">\n<div class=\"guten-element guten-social-icon guten-7C2meO facebook\"><a id=\"guten-7C2meO\" href=\"#\"><i class=\"gtn gtn-facebook-light\"><\/i><\/a><\/div>\n\n\n\n<div class=\"guten-element guten-social-icon guten-yDWWW5 twitter\"><a id=\"guten-yDWWW5\" href=\"#\"><i class=\"fab fa-x-twitter\"><\/i><\/a><\/div>\n\n\n\n<div class=\"guten-element guten-social-icon guten-DEa2JJ instagram\"><a id=\"guten-DEa2JJ\" href=\"#\"><i class=\"fab fa-instagram\"><\/i><\/a><\/div>\n\n\n\n<div class=\"guten-element guten-social-icon guten-Ow0e7O link\"><a id=\"guten-Ow0e7O\" href=\"#\"><i class=\"gtn gtn-linkedin-light\"><\/i><\/a><\/div>\n<\/div>\n<\/div><\/div>\n\n\n\n<div class=\"wp-block-gutenverse-column guten-element guten-column guten-2oYI7i\"><div class=\"guten-column-wrapper\" data-id=\"2oYI7i\">\n<h4 class=\"wp-block-gutenverse-heading guten-element guten-LjGjCb\">Subscribe Our Newsletter<\/h4>\n\n\n\n<form style=\"display:none\" class=\"guten-element guten-form-builder guten-I0dnS4\" data-form-id=\"252\" data-hide-after=\"false\">\n<div class=\"guten-element guten-wrap-helper no-margin guten-7lIPgU flex\"><div class=\"guten-inner-wrap\" data-id=\"7lIPgU\">\n<div class=\"guten-element guten-form-input-email guten-form-input guten-input-position-top guten-x5k9TK hide-label hide-helper\"><div class=\"label-wrapper\"><\/div><div class=\"main-wrapper\"><input data-validation=\"{&quot;type&quot;:&quot;email&quot;,&quot;required&quot;:false,&quot;validationType&quot;:&quot;none&quot;,&quot;validationWarning&quot;:&quot;Input Invalid&quot;}\" placeholder=\"Your Email Address\" name=\"input-email\" class=\"gutenverse-input gutenverse-input-email\" type=\"email\"\/><div class=\"validation-error\">Input Invalid<\/div><\/div><\/div>\n\n\n\n<div class=\"guten-element guten-button-wrapper guten-submit-wrapper guten-MNLaXX\"><div class=\"form-notification\"><\/div><button class=\"guten-button gutenverse-input-submit guten-button-sm\" type=\"submit\"><span><\/span><i class=\"gtn gtn-arrow-up-right-line\"><\/i><\/button><div class=\"gutenverse-input-submit-loader\"><svg xmlns=\"http:\/\/www.w3.org\/2000\/svg\" viewBox=\"0 0 640 640\"><path d=\"M272 112C272 85.5 293.5 64 320 64C346.5 64 368 85.5 368 112C368 138.5 346.5 160 320 160C293.5 160 272 138.5 272 112zM272 528C272 501.5 293.5 480 320 480C346.5 480 368 501.5 368 528C368 554.5 346.5 576 320 576C293.5 576 272 554.5 272 528zM112 272C138.5 272 160 293.5 160 320C160 346.5 138.5 368 112 368C85.5 368 64 346.5 64 320C64 293.5 85.5 272 112 272zM480 320C480 293.5 501.5 272 528 272C554.5 272 576 293.5 576 320C576 346.5 554.5 368 528 368C501.5 368 480 346.5 480 320zM139 433.1C157.8 414.3 188.1 414.3 206.9 433.1C225.7 451.9 225.7 482.2 206.9 501C188.1 519.8 157.8 519.8 139 501C120.2 482.2 120.2 451.9 139 433.1zM139 139C157.8 120.2 188.1 120.2 206.9 139C225.7 157.8 225.7 188.1 206.9 206.9C188.1 225.7 157.8 225.7 139 206.9C120.2 188.1 120.2 157.8 139 139zM501 433.1C519.8 451.9 519.8 482.2 501 501C482.2 519.8 451.9 519.8 433.1 501C414.3 482.2 414.3 451.9 433.1 433.1C451.9 414.3 482.2 414.3 501 433.1z\"><\/path><\/svg><\/div><\/div>\n<\/div><\/div>\n<\/form>\n<\/div><\/div>\n<\/div><\/section><\/div>\n\n\n\n<div class=\"section-wrapper\" data-id=\"RflGUG\"><section class=\"wp-block-gutenverse-section guten-element guten-section guten-RflGUG layout-fullwidth align-stretch\"><div class=\"guten-container guten-column-gap-no\">\n<div class=\"wp-block-gutenverse-column guten-element guten-column guten-sz0GeQ\"><div class=\"guten-column-wrapper\" data-id=\"sz0GeQ\">\n<div class=\"guten-element gutenverse-text-editor guten-A9fj9z\"><div class=\"text-content-inner\">\n<p>Funded by the European Union \u2013 NextGenerationEU. <br>The views and opinions expressed are solely those of the author and do not necessarily reflect the official position of the European Union or the European Commission. Neither the European Union nor the European Commission can be held responsible for them.<\/p>\n<\/div><\/div>\n<\/div><\/div>\n\n\n\n<div class=\"wp-block-gutenverse-column guten-element guten-column guten-fxRIT6\"><div class=\"guten-column-wrapper\" data-id=\"fxRIT6\">\n<div class=\"guten-element gutenverse-text-editor guten-LSPRGA\"><div class=\"text-content-inner\">\n<p class=\"has-text-align-left\">CALL TITLE: Call for Funding of Institutional Research Projects of the University of Split, under the National Recovery and Resilience Plan 2021\u20132026 (NRRP), and the Programme Agreement concluded between the University of Split and the Ministry of Science, Education and Youth.<\/p>\n\n\n\n<p class=\"has-text-align-left\">PROJECT TITLE: Artificial Intelligence for Future Technical Education and Industrial Competitiveness<\/p>\n\n\n\n<p class=\"has-text-align-left\">FUNDING DECISION: CLASS: 029-03\/25-01\/16, REG.NO.: 2181-202-3-01-6, issued on 20 October 2025.<\/p>\n\n\n\n<p class=\"has-text-align-left\">TOTAL PROJECT VALUE: \u20ac222,203.10<\/p>\n\n\n\n<p class=\"has-text-align-left\">BENEFICIARY: Faculty of Science, University of Split<\/p>\n\n\n\n<p class=\"has-text-align-left\">PROJECT LEADER: Prof. Sa\u0161a Mladenovi\u0107, PhD<\/p>\n<\/div><\/div>\n<\/div><\/div>\n<\/div><\/section><\/div>\n\n\n\n<figure class=\"wp-block-image size-full is-resized\"><img decoding=\"async\" width=\"800\" height=\"258\" src=\"https:\/\/aicompile.com.hr\/aitech\/wp-content\/uploads\/2025\/11\/eu-unist-logo-horizontal.png\" alt=\"\" class=\"wp-image-96\" style=\"width:326px;height:auto\" srcset=\"https:\/\/aicompile.com.hr\/aitech\/wp-content\/uploads\/2025\/11\/eu-unist-logo-horizontal.png 800w, https:\/\/aicompile.com.hr\/aitech\/wp-content\/uploads\/2025\/11\/eu-unist-logo-horizontal-300x97.png 300w, https:\/\/aicompile.com.hr\/aitech\/wp-content\/uploads\/2025\/11\/eu-unist-logo-horizontal-768x248.png 768w\" sizes=\"(max-width: 800px) 100vw, 800px\" \/><\/figure>\n<\/div><\/div>\n<\/div><\/section><\/div>\n","protected":false},"excerpt":{"rendered":"","protected":false},"author":1,"featured_media":0,"parent":0,"menu_order":0,"comment_status":"closed","ping_status":"closed","template":"blank-canvas","meta":{"footnotes":""},"class_list":["post-43","page","type-page","status-publish","hentry"],"_links":{"self":[{"href":"https:\/\/aicompile.com.hr\/aitech\/wp-json\/wp\/v2\/pages\/43","targetHints":{"allow":["GET"]}}],"collection":[{"href":"https:\/\/aicompile.com.hr\/aitech\/wp-json\/wp\/v2\/pages"}],"about":[{"href":"https:\/\/aicompile.com.hr\/aitech\/wp-json\/wp\/v2\/types\/page"}],"author":[{"embeddable":true,"href":"https:\/\/aicompile.com.hr\/aitech\/wp-json\/wp\/v2\/users\/1"}],"replies":[{"embeddable":true,"href":"https:\/\/aicompile.com.hr\/aitech\/wp-json\/wp\/v2\/comments?post=43"}],"version-history":[{"count":2,"href":"https:\/\/aicompile.com.hr\/aitech\/wp-json\/wp\/v2\/pages\/43\/revisions"}],"predecessor-version":[{"id":282,"href":"https:\/\/aicompile.com.hr\/aitech\/wp-json\/wp\/v2\/pages\/43\/revisions\/282"}],"wp:attachment":[{"href":"https:\/\/aicompile.com.hr\/aitech\/wp-json\/wp\/v2\/media?parent=43"}],"curies":[{"name":"wp","href":"https:\/\/api.w.org\/{rel}","templated":true}]}}